✏️ 正在编辑: llpreacharge.in-ssl_log
路径:
/var/log/apache2/domlogs/llpreacharge/llpreacharge.in-ssl_log
提示:
您可以编辑任何文件(包括二进制文件),但请注意不当修改可能导致文件损坏。
208.110.86.98 - - [09/Jun/2026:06:53:14 +0000] "GET /cf1988 HTTP/1.1" 200 134 "-" "Mozilla/5.0 (Windows NT 10.0; Win64; x64) AppleWebKit/537.36"
45.205.1.80 - - [09/Jun/2026:06:53:24 +0000] "GET / HTTP/1.1" 200 14294 "-" "Mozilla/5.0"
45.205.1.80 - - [09/Jun/2026:06:53:25 +0000] "PROPFIND / HTTP/1.1" 200 14294 "http://148.66.135.222:443/" "-"
66.249.64.99 - - [09/Jun/2026:06:53:54 +0000] "GET /?products/detail/221785064 HTTP/1.1" 200 76052 "-" "Mozilla/5.0 (Linux; Android 6.0.1; Nexus 5X Build/MMB29P) AppleWebKit/537.36 (KHTML, like Gecko) Chrome/148.0.7778.96 Mobile Safari/537.36 (compatible; Googlebot/2.1; +http://www.google.com/bot.html)"
66.249.64.100 - - [09/Jun/2026:06:54:57 +0000] "GET /?products/detail/144499600 HTTP/1.1" 200 77189 "-" "Mozilla/5.0 (Linux; Android 6.0.1; Nexus 5X Build/MMB29P) AppleWebKit/537.36 (KHTML, like Gecko) Chrome/148.0.7778.96 Mobile Safari/537.36 (compatible; Googlebot/2.1; +http://www.google.com/bot.html)"
66.249.64.100 - - [09/Jun/2026:06:56:07 +0000] "GET /search?&view=gallery2&q=product_handle_21432&type=article HTTP/1.1" 200 77544 "https://www.llprecharge.in/?products/detail/144499600" "Mozilla/5.0 (Linux; Android 6.0.1; Nexus 5X Build/MMB29P) AppleWebKit/537.36 (KHTML, like Gecko) Chrome/148.0.7778.96 Mobile Safari/537.36 (compatible; Googlebot/2.1; +http://www.google.com/bot.html)"
45.205.1.73 - - [09/Jun/2026:06:56:25 +0000] "GET / HTTP/1.1" 400 14294 "-" "curl/7.68.0"
47.91.125.252 - - [09/Jun/2026:06:58:44 +0000] "GET /dns-query?dns=7k0BAAABAAAAAAAAATEEb2RucwFtCmRuc21lYXN1cmUDdG9wAAABAAE HTTP/1.1" 403 358 "-" "Go-http-client/1.1"
47.91.125.252 - - [09/Jun/2026:06:58:45 +0000] "POST /dns-query HTTP/1.1" 403 358 "-" "Go-http-client/1.1"
47.91.125.252 - - [09/Jun/2026:06:58:45 +0000] "GET /dns-query?name=1.odns.m.dnsmeasure.top&type=A HTTP/1.1" 403 358 "-" "Go-http-client/1.1"
47.91.125.252 - - [09/Jun/2026:06:58:45 +0000] "GET /dns-query?dns=rjoBAAABAAAAAAAAATEEb2RucwFtCmRuc21lYXN1cmUDdG9wAAABAAE HTTP/1.1" 403 358 "-" "Go-http-client/1.1"
47.91.125.252 - - [09/Jun/2026:06:58:46 +0000] "POST /dns-query HTTP/1.1" 403 358 "-" "Go-http-client/1.1"
47.91.125.252 - - [09/Jun/2026:06:58:46 +0000] "GET /dns-query?name=1.odns.m.dnsmeasure.top&type=A HTTP/1.1" 403 358 "-" "Go-http-client/1.1"
47.91.125.252 - - [09/Jun/2026:06:58:46 +0000] "GET /query?dns=M_MBAAABAAAAAAAAATEEb2RucwFtCmRuc21lYXN1cmUDdG9wAAABAAE HTTP/1.1" 403 358 "-" "Go-http-client/1.1"
47.91.125.252 - - [09/Jun/2026:06:58:47 +0000] "POST /query HTTP/1.1" 403 358 "-" "Go-http-client/1.1"
47.91.125.252 - - [09/Jun/2026:06:58:48 +0000] "GET /query?name=1.odns.m.dnsmeasure.top&type=A HTTP/1.1" 403 358 "-" "Go-http-client/1.1"
47.91.125.252 - - [09/Jun/2026:06:58:48 +0000] "GET /query?dns=ru8BAAABAAAAAAAAATEEb2RucwFtCmRuc21lYXN1cmUDdG9wAAABAAE HTTP/1.1" 403 358 "-" "Go-http-client/1.1"
47.91.125.252 - - [09/Jun/2026:06:58:49 +0000] "POST /query HTTP/1.1" 403 358 "-" "Go-http-client/1.1"
47.91.125.252 - - [09/Jun/2026:06:58:49 +0000] "GET /query?name=1.odns.m.dnsmeasure.top&type=A HTTP/1.1" 403 358 "-" "Go-http-client/1.1"
47.91.125.252 - - [09/Jun/2026:06:58:49 +0000] "GET /resolve?dns=hCUBAAABAAAAAAAAATEEb2RucwFtCmRuc21lYXN1cmUDdG9wAAABAAE HTTP/1.1" 403 358 "-" "Go-http-client/1.1"
47.91.125.252 - - [09/Jun/2026:06:58:50 +0000] "POST /resolve HTTP/1.1" 403 358 "-" "Go-http-client/1.1"
47.91.125.252 - - [09/Jun/2026:06:58:50 +0000] "GET /resolve?name=1.odns.m.dnsmeasure.top&type=A HTTP/1.1" 403 358 "-" "Go-http-client/1.1"
47.91.125.252 - - [09/Jun/2026:06:58:50 +0000] "GET /resolve?dns=aSsBAAABAAAAAAAAATEEb2RucwFtCmRuc21lYXN1cmUDdG9wAAABAAE HTTP/1.1" 403 358 "-" "Go-http-client/1.1"
47.91.125.252 - - [09/Jun/2026:06:58:51 +0000] "POST /resolve HTTP/1.1" 403 358 "-" "Go-http-client/1.1"
47.91.125.252 - - [09/Jun/2026:06:58:51 +0000] "GET /resolve?name=1.odns.m.dnsmeasure.top&type=A HTTP/1.1" 403 358 "-" "Go-http-client/1.1"
47.91.125.252 - - [09/Jun/2026:06:58:52 +0000] "GET /?dns=uj4BAAABAAAAAAAAATEEb2RucwFtCmRuc21lYXN1cmUDdG9wAAABAAE HTTP/1.1" 403 358 "-" "Go-http-client/1.1"
47.91.125.252 - - [09/Jun/2026:06:58:52 +0000] "POST / HTTP/1.1" 403 358 "-" "Go-http-client/1.1"
47.91.125.252 - - [09/Jun/2026:06:58:52 +0000] "GET /?name=1.odns.m.dnsmeasure.top&type=A HTTP/1.1" 403 358 "-" "Go-http-client/1.1"
47.91.125.252 - - [09/Jun/2026:06:58:53 +0000] "GET /?dns=tdUBAAABAAAAAAAAATEEb2RucwFtCmRuc21lYXN1cmUDdG9wAAABAAE HTTP/1.1" 403 358 "-" "Go-http-client/1.1"
47.91.125.252 - - [09/Jun/2026:06:58:54 +0000] "POST / HTTP/1.1" 403 358 "-" "Go-http-client/1.1"
47.91.125.252 - - [09/Jun/2026:06:58:54 +0000] "GET /?name=1.odns.m.dnsmeasure.top&type=A HTTP/1.1" 403 358 "-" "Go-http-client/1.1"
66.249.64.100 - - [09/Jun/2026:06:58:59 +0000] "GET /?products/detail/261216761%20%20%20%20%20%20%20%20%20%20%20%20%20%20%20%20%20%20%20%20%20%20%20%20%20%20%20%20%20%20%20%20class= HTTP/1.1" 200 77693 "-" "Mozilla/5.0 (Linux; Android 6.0.1; Nexus 5X Build/MMB29P) AppleWebKit/537.36 (KHTML, like Gecko) Chrome/148.0.7778.96 Mobile Safari/537.36 (compatible; Googlebot/2.1; +http://www.google.com/bot.html)"
66.249.64.101 - - [09/Jun/2026:07:03:02 +0000] "GET /?products/detail/32766731 HTTP/1.1" 200 78672 "-" "Mozilla/5.0 (Linux; Android 6.0.1; Nexus 5X Build/MMB29P) AppleWebKit/537.36 (KHTML, like Gecko) Chrome/148.0.7778.96 Mobile Safari/537.36 (compatible; Googlebot/2.1; +http://www.google.com/bot.html)"
66.249.64.101 - - [09/Jun/2026:07:04:05 +0000] "GET /?products/detail/295668650 HTTP/1.1" 200 78594 "-" "Mozilla/5.0 (Linux; Android 6.0.1; Nexus 5X Build/MMB29P) AppleWebKit/537.36 (KHTML, like Gecko) Chrome/148.0.7778.96 Mobile Safari/537.36 (compatible; Googlebot/2.1; +http://www.google.com/bot.html)"
66.249.64.99 - - [09/Jun/2026:07:04:46 +0000] "GET /search?&view=gallery2&q=product_handle_21432&type=article HTTP/1.1" 200 77544 "https://www.llprecharge.in/?products/detail/295668650" "Mozilla/5.0 (Linux; Android 6.0.1; Nexus 5X Build/MMB29P) AppleWebKit/537.36 (KHTML, like Gecko) Chrome/148.0.7778.96 Mobile Safari/537.36 (compatible; Googlebot/2.1; +http://www.google.com/bot.html)"
66.249.70.70 - - [09/Jun/2026:07:10:24 +0000] "GET /index.php?item/9062429717 HTTP/1.1" 200 77603 "-" "Mozilla/5.0 (Linux; Android 6.0.1; Nexus 5X Build/MMB29P) AppleWebKit/537.36 (KHTML, like Gecko) Chrome/148.0.7778.96 Mobile Safari/537.36 (compatible; Googlebot/2.1; +http://www.google.com/bot.html)"
66.249.64.100 - - [09/Jun/2026:07:12:10 +0000] "GET /?products/detail/87789357 HTTP/1.1" 200 77757 "-" "Mozilla/5.0 (Linux; Android 6.0.1; Nexus 5X Build/MMB29P) AppleWebKit/537.36 (KHTML, like Gecko) Chrome/148.0.7778.96 Mobile Safari/537.36 (compatible; Googlebot/2.1; +http://www.google.com/bot.html)"
74.7.243.215 - - [09/Jun/2026:07:13:34 +0000] "GET / HTTP/1.1" 403 149 "-" "Mozilla/5.0 AppleWebKit/537.36 (KHTML, like Gecko; compatible; GPTBot/1.4; +https://openai.com/gptbot)"
66.249.70.65 - - [09/Jun/2026:07:14:33 +0000] "GET /cgi-bin.php?items/T5056868434/ HTTP/1.1" 200 77472 "-" "Mozilla/5.0 (Linux; Android 6.0.1; Nexus 5X Build/MMB29P) AppleWebKit/537.36 (KHTML, like Gecko) Chrome/148.0.7778.96 Mobile Safari/537.36 (compatible; GoogleOther)"
45.154.153.8 - - [09/Jun/2026:07:14:45 +0000] "GET / HTTP/1.0" 400 14294 "-" "-"
217.138.193.183 - - [09/Jun/2026:07:14:46 +0000] "GET / HTTP/1.1" 200 14294 "-" "Mozilla/5.0 (X11; Linux x86_64) AppleWebKit/537.36 (KHTML, like Gecko) Chrome/137.0.0.0 Safari/537.36"
94.130.14.121 - - [09/Jun/2026:07:14:52 +0000] "GET /user/api_balance.php?userid=500236&token=PWYbe43R%1AqS9_CtaUCWPoO]N]GoIAon HTTP/1.1" 200 553 "-" "RestSharp/106.13.0.0"
168.119.209.108 - - [09/Jun/2026:07:15:08 +0000] "GET /user/api_balance.php?userid=AU1121&token=dMgDWkPbbsmeca76X0lncsVCYVjIE61Q HTTP/1.1" 200 553 "-" "RestSharp/106.13.0.0"
122.172.201.150 - - [09/Jun/2026:07:15:05 +0000] "GET / HTTP/2.0" 200 - "-" "Mozilla/5.0 (Windows NT 10.0; Win64; x64; rv:151.0) Gecko/20100101 Firefox/151.0"
66.249.70.65 - - [09/Jun/2026:07:15:07 +0000] "GET /cgi-bin.php?item/7060949189 HTTP/1.1" 200 77727 "-" "Mozilla/5.0 (Linux; Android 6.0.1; Nexus 5X Build/MMB29P) AppleWebKit/537.36 (KHTML, like Gecko) Chrome/148.0.7778.96 Mobile Safari/537.36 (compatible; GoogleOther)"
66.249.70.64 - - [09/Jun/2026:07:15:39 +0000] "GET /cgi-bin.php?item/9061850105 HTTP/1.1" 200 77921 "-" "Mozilla/5.0 (Linux; Android 6.0.1; Nexus 5X Build/MMB29P) AppleWebKit/537.36 (KHTML, like Gecko) Chrome/148.0.7778.96 Mobile Safari/537.36 (compatible; GoogleOther)"
94.130.14.121 - - [09/Jun/2026:07:15:53 +0000] "GET /user/api_balance.php?userid=500236&token=PWYbe43R%1AqS9_CtaUCWPoO]N]GoIAon HTTP/1.1" 200 553 "-" "RestSharp/106.13.0.0"
66.249.70.70 - - [09/Jun/2026:07:15:58 +0000] "GET /search?&view=gallery2&q=product_handle_21432&type=article HTTP/1.1" 200 77544 "https://llprecharge.in/cgi-bin.php?item/7060949189" "Mozilla/5.0 (Linux; Android 6.0.1; Nexus 5X Build/MMB29P) AppleWebKit/537.36 (KHTML, like Gecko) Chrome/148.0.7778.96 Mobile Safari/537.36 (compatible; GoogleOther)"
168.119.209.108 - - [09/Jun/2026:07:16:08 +0000] "GET /user/api_balance.php?userid=AU1121&token=dMgDWkPbbsmeca76X0lncsVCYVjIE61Q HTTP/1.1" 200 553 "-" "RestSharp/106.13.0.0"
66.249.70.70 - - [09/Jun/2026:07:16:10 +0000] "GET /cgi-bin.php?item/6060771554 HTTP/1.1" 200 78212 "-" "Mozilla/5.0 (Linux; Android 6.0.1; Nexus 5X Build/MMB29P) AppleWebKit/537.36 (KHTML, like Gecko) Chrome/148.0.7778.96 Mobile Safari/537.36 (compatible; GoogleOther)"
107.172.195.86 - - [09/Jun/2026:07:16:12 +0000] "GET / HTTP/1.1" 200 3248 "-" "Mozilla/5.0 (X11; Linux x86_64) AppleWebKit/537.36 (KHTML, like Gecko) Chrome/130.0.0.0 Safari/537.36"
104.164.126.3 - - [09/Jun/2026:07:16:16 +0000] "GET / HTTP/1.1" 200 3248 "-" "Mozilla/5.0 (Macintosh; Intel Mac OS X 10_15_7) AppleWebKit/537.36 (KHTML, like Gecko) Chrome/130.0.0.0 Safari/537.36"
104.164.126.3 - - [09/Jun/2026:07:16:18 +0000] "GET /index.php HTTP/1.1" 200 3248 "-" "Mozilla/5.0 (Macintosh; Intel Mac OS X 10_15_7) AppleWebKit/537.36 (KHTML, like Gecko) Chrome/130.0.0.0 Safari/537.36"
104.164.126.3 - - [09/Jun/2026:07:16:19 +0000] "GET /login.php HTTP/1.1" 200 1245 "-" "Mozilla/5.0 (Macintosh; Intel Mac OS X 10_15_7) AppleWebKit/537.36 (KHTML, like Gecko) Chrome/130.0.0.0 Safari/537.36"
104.164.126.3 - - [09/Jun/2026:07:16:30 +0000] "GET /login.php HTTP/1.1" 200 1245 "-" "Mozilla/5.0 (Macintosh; Intel Mac OS X 10_15_7) AppleWebKit/537.36 (KHTML, like Gecko) Chrome/130.0.0.0 Safari/537.36"
104.164.126.3 - - [09/Jun/2026:07:16:31 +0000] "GET /index.php HTTP/1.1" 200 3248 "-" "Mozilla/5.0 (Macintosh; Intel Mac OS X 10_15_7) AppleWebKit/537.36 (KHTML, like Gecko) Chrome/130.0.0.0 Safari/537.36"
66.249.70.70 - - [09/Jun/2026:07:16:39 +0000] "GET /item/8062618165 HTTP/1.1" 200 77354 "-" "Mozilla/5.0 (Linux; Android 6.0.1; Nexus 5X Build/MMB29P) AppleWebKit/537.36 (KHTML, like Gecko) Chrome/148.0.7778.96 Mobile Safari/537.36 (compatible; GoogleOther)"
94.130.14.121 - - [09/Jun/2026:07:16:54 +0000] "GET /user/api_balance.php?userid=500236&token=PWYbe43R%1AqS9_CtaUCWPoO]N]GoIAon HTTP/1.1" 200 553 "-" "RestSharp/106.13.0.0"
168.119.209.108 - - [09/Jun/2026:07:17:07 +0000] "GET /user/api_balance.php?userid=AU1121&token=dMgDWkPbbsmeca76X0lncsVCYVjIE61Q HTTP/1.1" 200 553 "-" "RestSharp/106.13.0.0"
66.249.70.64 - - [09/Jun/2026:07:17:06 +0000] "GET /cgi-bin.php?item/6062461724 HTTP/1.1" 200 76636 "-" "Mozilla/5.0 (Linux; Android 6.0.1; Nexus 5X Build/MMB29P) AppleWebKit/537.36 (KHTML, like Gecko) Chrome/148.0.7778.96 Mobile Safari/537.36 (compatible; GoogleOther)"
66.249.70.64 - - [09/Jun/2026:07:17:33 +0000] "GET /cgi-bin.php?items/T4054084119/ HTTP/1.1" 200 76607 "-" "Mozilla/5.0 (Linux; Android 6.0.1; Nexus 5X Build/MMB29P) AppleWebKit/537.36 (KHTML, like Gecko) Chrome/148.0.7778.96 Mobile Safari/537.36 (compatible; GoogleOther)"
94.130.14.121 - - [09/Jun/2026:07:17:54 +0000] "GET /user/api_balance.php?userid=500236&token=PWYbe43R%1AqS9_CtaUCWPoO]N]GoIAon HTTP/1.1" 200 553 "-" "RestSharp/106.13.0.0"
168.119.209.108 - - [09/Jun/2026:07:18:07 +0000] "GET /user/api_balance.php?userid=AU1121&token=dMgDWkPbbsmeca76X0lncsVCYVjIE61Q HTTP/1.1" 200 553 "-" "RestSharp/106.13.0.0"
66.249.70.70 - - [09/Jun/2026:07:17:58 +0000] "GET /item/2061803333 HTTP/1.1" 200 77174 "-" "Mozilla/5.0 (Linux; Android 6.0.1; Nexus 5X Build/MMB29P) AppleWebKit/537.36 (KHTML, like Gecko) Chrome/148.0.7778.96 Mobile Safari/537.36 (compatible; GoogleOther)"
66.249.70.70 - - [09/Jun/2026:07:18:39 +0000] "GET /cgi-bin.php?item/4060156136 HTTP/1.1" 200 77180 "-" "Mozilla/5.0 (Linux; Android 6.0.1; Nexus 5X Build/MMB29P) AppleWebKit/537.36 (KHTML, like Gecko) Chrome/148.0.7778.96 Mobile Safari/537.36 (compatible; GoogleOther)"
94.130.14.121 - - [09/Jun/2026:07:18:54 +0000] "GET /user/api_balance.php?userid=500236&token=PWYbe43R%1AqS9_CtaUCWPoO]N]GoIAon HTTP/1.1" 200 553 "-" "RestSharp/106.13.0.0"
168.119.209.108 - - [09/Jun/2026:07:19:07 +0000] "GET /user/api_balance.php?userid=AU1121&token=dMgDWkPbbsmeca76X0lncsVCYVjIE61Q HTTP/1.1" 200 553 "-" "RestSharp/106.13.0.0"
66.249.70.65 - - [09/Jun/2026:07:19:13 +0000] "GET /cgi-bin.php?item/8060915962 HTTP/1.1" 200 77242 "-" "Mozilla/5.0 (Linux; Android 6.0.1; Nexus 5X Build/MMB29P) AppleWebKit/537.36 (KHTML, like Gecko) Chrome/148.0.7778.96 Mobile Safari/537.36 (compatible; GoogleOther)"
66.249.70.70 - - [09/Jun/2026:07:19:46 +0000] "GET /cgi-bin.php?item/2061347308 HTTP/1.1" 200 77029 "-" "Mozilla/5.0 (Linux; Android 6.0.1; Nexus 5X Build/MMB29P) AppleWebKit/537.36 (KHTML, like Gecko) Chrome/148.0.7778.96 Mobile Safari/537.36 (compatible; GoogleOther)"
94.130.14.121 - - [09/Jun/2026:07:19:54 +0000] "GET /user/api_balance.php?userid=500236&token=PWYbe43R%1AqS9_CtaUCWPoO]N]GoIAon HTTP/1.1" 200 512 "-" "RestSharp/106.13.0.0"
168.119.209.108 - - [09/Jun/2026:07:20:07 +0000] "GET /user/api_balance.php?userid=AU1121&token=dMgDWkPbbsmeca76X0lncsVCYVjIE61Q HTTP/1.1" 200 512 "-" "RestSharp/106.13.0.0"
66.249.70.70 - - [09/Jun/2026:07:20:16 +0000] "GET /item/5061805542 HTTP/1.1" 200 78023 "-" "Mozilla/5.0 (Linux; Android 6.0.1; Nexus 5X Build/MMB29P) AppleWebKit/537.36 (KHTML, like Gecko) Chrome/148.0.7778.96 Mobile Safari/537.36 (compatible; GoogleOther)"
66.249.70.70 - - [09/Jun/2026:07:20:44 +0000] "GET /index.php?products/detail/167436549%20%20%20%20%20%20%20%20%20%20%20%20%20%20%20%20%20%20%20%20%20%20%20%20%20%20%20%20%20%20%20%20class= HTTP/1.1" 200 77244 "-" "Mozilla/5.0 (Linux; Android 6.0.1; Nexus 5X Build/MMB29P) AppleWebKit/537.36 (KHTML, like Gecko) Chrome/148.0.7778.96 Mobile Safari/537.36 (compatible; GoogleOther)"
94.130.14.121 - - [09/Jun/2026:07:20:54 +0000] "GET /user/api_balance.php?userid=500236&token=PWYbe43R%1AqS9_CtaUCWPoO]N]GoIAon HTTP/1.1" 200 512 "-" "RestSharp/106.13.0.0"
168.119.209.108 - - [09/Jun/2026:07:21:08 +0000] "GET /user/api_balance.php?userid=AU1121&token=dMgDWkPbbsmeca76X0lncsVCYVjIE61Q HTTP/1.1" 200 512 "-" "RestSharp/106.13.0.0"
66.249.70.70 - - [09/Jun/2026:07:21:12 +0000] "GET /cgi-bin.php?item/8060686298 HTTP/1.1" 200 77145 "-" "Mozilla/5.0 (Linux; Android 6.0.1; Nexus 5X Build/MMB29P) AppleWebKit/537.36 (KHTML, like Gecko) Chrome/148.0.7778.96 Mobile Safari/537.36 (compatible; GoogleOther)"
66.249.70.70 - - [09/Jun/2026:07:21:14 +0000] "GET /search?&view=gallery2&q=product_handle_21432&type=article HTTP/1.1" 200 77544 "https://llprecharge.in/cgi-bin.php?item/2061347308" "Mozilla/5.0 (Linux; Android 6.0.1; Nexus 5X Build/MMB29P) AppleWebKit/537.36 (KHTML, like Gecko) Chrome/148.0.7778.96 Mobile Safari/537.36 (compatible; GoogleOther)"
31.223.189.179 - - [09/Jun/2026:07:21:29 +0000] "HEAD / HTTP/1.1" 200 - "-" "Mozilla/5.0 (iPhone; CPU iPhone OS 17_4 like Mac OS X) AppleWebKit/605.1.15 (KHTML, like Gecko) Version/17.4 Mobile/15E148 Safari/604.1"
82.27.247.183 - - [09/Jun/2026:07:21:30 +0000] "GET / HTTP/1.1" 200 14294 "-" "Mozilla/5.0 (iPhone; CPU iPhone OS 17_4 like Mac OS X) AppleWebKit/605.1.15 (KHTML, like Gecko) Version/17.4 Mobile/15E148 Safari/604.1"
66.249.70.64 - - [09/Jun/2026:07:21:37 +0000] "GET /index.php?products/detail/311823983%20%20%20%20%20%20%20%20%20%20%20%20%20%20%20%20%20%20%20%20%20%20%20%20%20%20%20%20%20%20%20%20class= HTTP/1.1" 200 77840 "-" "Mozilla/5.0 (Linux; Android 6.0.1; Nexus 5X Build/MMB29P) AppleWebKit/537.36 (KHTML, like Gecko) Chrome/148.0.7778.96 Mobile Safari/537.36 (compatible; GoogleOther)"
94.130.14.121 - - [09/Jun/2026:07:21:54 +0000] "GET /user/api_balance.php?userid=500236&token=PWYbe43R%1AqS9_CtaUCWPoO]N]GoIAon HTTP/1.1" 200 512 "-" "RestSharp/106.13.0.0"
66.249.70.65 - - [09/Jun/2026:07:22:01 +0000] "GET /cgi-bin.php?item/4060634802 HTTP/1.1" 200 78577 "-" "Mozilla/5.0 (Linux; Android 6.0.1; Nexus 5X Build/MMB29P) AppleWebKit/537.36 (KHTML, like Gecko) Chrome/148.0.7778.96 Mobile Safari/537.36 (compatible; GoogleOther)"
168.119.209.108 - - [09/Jun/2026:07:22:07 +0000] "GET /user/api_balance.php?userid=AU1121&token=dMgDWkPbbsmeca76X0lncsVCYVjIE61Q HTTP/1.1" 200 512 "-" "RestSharp/106.13.0.0"
66.249.70.70 - - [09/Jun/2026:07:22:25 +0000] "GET /cgi-bin.php?item/9062691311 HTTP/1.1" 200 77799 "-" "Mozilla/5.0 (Linux; Android 6.0.1; Nexus 5X Build/MMB29P) AppleWebKit/537.36 (KHTML, like Gecko) Chrome/148.0.7778.96 Mobile Safari/537.36 (compatible; GoogleOther)"
66.249.70.70 - - [09/Jun/2026:07:22:47 +0000] "GET /item/3062288516 HTTP/1.1" 200 78059 "-" "Mozilla/5.0 (Linux; Android 6.0.1; Nexus 5X Build/MMB29P) AppleWebKit/537.36 (KHTML, like Gecko) Chrome/148.0.7778.96 Mobile Safari/537.36 (compatible; GoogleOther)"
94.130.14.121 - - [09/Jun/2026:07:22:54 +0000] "GET /user/api_balance.php?userid=500236&token=PWYbe43R%1AqS9_CtaUCWPoO]N]GoIAon HTTP/1.1" 200 512 "-" "RestSharp/106.13.0.0"
110.226.195.111 - - [09/Jun/2026:07:22:56 +0000] "GET /user/recharge_home.php HTTP/2.0" 200 401 "-" "Mozilla/5.0 (Linux; Android 13; CPH2371 Build/TP1A.220905.001; wv) AppleWebKit/537.36 (KHTML, like Gecko) Version/4.0 Chrome/148.0.7778.178 Mobile Safari/537.36"
110.226.195.111 - - [09/Jun/2026:07:22:56 +0000] "GET /favicon.ico HTTP/2.0" 200 3248 "https://www.llprecharge.in/user/recharge_home.php" "Mozilla/5.0 (Linux; Android 13; CPH2371 Build/TP1A.220905.001; wv) AppleWebKit/537.36 (KHTML, like Gecko) Version/4.0 Chrome/148.0.7778.178 Mobile Safari/537.36"
110.226.195.111 - - [09/Jun/2026:07:23:07 +0000] "GET /user/recharge_home.php HTTP/2.0" 200 401 "-" "Mozilla/5.0 (Linux; Android 13; CPH2371 Build/TP1A.220905.001; wv) AppleWebKit/537.36 (KHTML, like Gecko) Version/4.0 Chrome/148.0.7778.178 Mobile Safari/537.36"
168.119.209.108 - - [09/Jun/2026:07:23:07 +0000] "GET /user/api_balance.php?userid=AU1121&token=dMgDWkPbbsmeca76X0lncsVCYVjIE61Q HTTP/1.1" 200 512 "-" "RestSharp/106.13.0.0"
110.226.195.111 - - [09/Jun/2026:07:23:07 +0000] "GET /favicon.ico HTTP/2.0" 200 3248 "https://www.llprecharge.in/user/recharge_home.php" "Mozilla/5.0 (Linux; Android 13; CPH2371 Build/TP1A.220905.001; wv) AppleWebKit/537.36 (KHTML, like Gecko) Version/4.0 Chrome/148.0.7778.178 Mobile Safari/537.36"
66.249.70.65 - - [09/Jun/2026:07:23:09 +0000] "GET /cgi-bin.php?item/3061587208 HTTP/1.1" 200 77533 "-" "Mozilla/5.0 (Linux; Android 6.0.1; Nexus 5X Build/MMB29P) AppleWebKit/537.36 (KHTML, like Gecko) Chrome/148.0.7778.96 Mobile Safari/537.36 (compatible; GoogleOther)"
66.249.70.70 - - [09/Jun/2026:07:23:32 +0000] "GET /cgi-bin.php?item/9061268020 HTTP/1.1" 200 77611 "-" "Mozilla/5.0 (Linux; Android 6.0.1; Nexus 5X Build/MMB29P) AppleWebKit/537.36 (KHTML, like Gecko) Chrome/148.0.7778.96 Mobile Safari/537.36 (compatible; GoogleOther)"
94.130.14.121 - - [09/Jun/2026:07:23:54 +0000] "GET /user/api_balance.php?userid=500236&token=PWYbe43R%1AqS9_CtaUCWPoO]N]GoIAon HTTP/1.1" 200 512 "-" "RestSharp/106.13.0.0"
66.249.70.70 - - [09/Jun/2026:07:23:55 +0000] "GET /cgi-bin.php?items/T4056091343/ HTTP/1.1" 200 76973 "-" "Mozilla/5.0 (Linux; Android 6.0.1; Nexus 5X Build/MMB29P) AppleWebKit/537.36 (KHTML, like Gecko) Chrome/148.0.7778.96 Mobile Safari/537.36 (compatible; GoogleOther)"
168.119.209.108 - - [09/Jun/2026:07:24:08 +0000] "GET /user/api_balance.php?userid=AU1121&token=dMgDWkPbbsmeca76X0lncsVCYVjIE61Q HTTP/1.1" 200 512 "-" "RestSharp/106.13.0.0"
66.249.70.70 - - [09/Jun/2026:07:24:16 +0000] "GET /cgi-bin.php?item/8060531320 HTTP/1.1" 200 77056 "-" "Mozilla/5.0 (Linux; Android 6.0.1; Nexus 5X Build/MMB29P) AppleWebKit/537.36 (KHTML, like Gecko) Chrome/148.0.7778.96 Mobile Safari/537.36 (compatible; GoogleOther)"
82.26.221.153 - - [09/Jun/2026:07:24:22 +0000] "GET / HTTP/1.1" 200 14294 "-" "Mozilla/5.0 (Macintosh; Intel Mac OS X 10_15_7) AppleWebKit/537.36 (KHTML, like Gecko) Chrome/124.0.0.0 Safari/537.36"
192.241.112.71 - - [09/Jun/2026:07:24:24 +0000] "GET /contact HTTP/1.1" 200 4163 "-" "Mozilla/5.0 (X11; Linux x86_64) AppleWebKit/537.36 (KHTML, like Gecko) Chrome/123.0.0.0 Safari/537.36"
209.127.183.131 - - [09/Jun/2026:07:24:26 +0000] "GET /contact-us HTTP/1.1" 200 14294 "-" "Mozilla/5.0 (Macintosh; Intel Mac OS X 10_15_7) AppleWebKit/537.36 (KHTML, like Gecko) Chrome/124.0.0.0 Safari/537.36"
107.174.25.215 - - [09/Jun/2026:07:24:28 +0000] "GET /contacts HTTP/1.1" 200 14294 "-" "Mozilla/5.0 (Windows NT 10.0; Win64; x64) AppleWebKit/537.36 (KHTML, like Gecko) Chrome/124.0.0.0 Safari/537.36"
66.249.70.70 - - [09/Jun/2026:07:24:38 +0000] "GET /cgi-bin.php?item/8062187155 HTTP/1.1" 200 75963 "-" "Mozilla/5.0 (Linux; Android 6.0.1; Nexus 5X Build/MMB29P) AppleWebKit/537.36 (KHTML, like Gecko) Chrome/148.0.7778.96 Mobile Safari/537.36 (compatible; GoogleOther)"
94.130.14.121 - - [09/Jun/2026:07:24:54 +0000] "GET /user/api_balance.php?userid=500236&token=PWYbe43R%1AqS9_CtaUCWPoO]N]GoIAon HTTP/1.1" 200 512 "-" "RestSharp/106.13.0.0"
66.249.70.70 - - [09/Jun/2026:07:24:59 +0000] "GET /cgi-bin.php?item/1061412711 HTTP/1.1" 200 77141 "-" "Mozilla/5.0 (Linux; Android 6.0.1; Nexus 5X Build/MMB29P) AppleWebKit/537.36 (KHTML, like Gecko) Chrome/148.0.7778.96 Mobile Safari/537.36 (compatible; GoogleOther)"
168.119.209.108 - - [09/Jun/2026:07:25:07 +0000] "GET /user/api_balance.php?userid=AU1121&token=dMgDWkPbbsmeca76X0lncsVCYVjIE61Q HTTP/1.1" 200 512 "-" "RestSharp/106.13.0.0"
66.249.70.70 - - [09/Jun/2026:07:25:19 +0000] "GET /cgi-bin.php?item/9062562642 HTTP/1.1" 200 76009 "-" "Mozilla/5.0 (Linux; Android 6.0.1; Nexus 5X Build/MMB29P) AppleWebKit/537.36 (KHTML, like Gecko) Chrome/148.0.7778.96 Mobile Safari/537.36 (compatible; GoogleOther)"
66.249.70.70 - - [09/Jun/2026:07:25:39 +0000] "GET /item/1062176762 HTTP/1.1" 200 77600 "-" "Mozilla/5.0 (Linux; Android 6.0.1; Nexus 5X Build/MMB29P) AppleWebKit/537.36 (KHTML, like Gecko) Chrome/148.0.7778.96 Mobile Safari/537.36 (compatible; GoogleOther)"
94.130.14.121 - - [09/Jun/2026:07:25:54 +0000] "GET /user/api_balance.php?userid=500236&token=PWYbe43R%1AqS9_CtaUCWPoO]N]GoIAon HTTP/1.1" 200 512 "-" "RestSharp/106.13.0.0"
66.249.64.99 - - [09/Jun/2026:07:25:56 +0000] "GET /?products/detail/100604458 HTTP/1.1" 200 79119 "-" "Mozilla/5.0 (Linux; Android 6.0.1; Nexus 5X Build/MMB29P) AppleWebKit/537.36 (KHTML, like Gecko) Chrome/148.0.7778.96 Mobile Safari/537.36 (compatible; Googlebot/2.1; +http://www.google.com/bot.html)"
66.249.70.64 - - [09/Jun/2026:07:25:59 +0000] "GET /cgi-bin.php?items/T2055391448/ HTTP/1.1" 200 77176 "-" "Mozilla/5.0 (Linux; Android 6.0.1; Nexus 5X Build/MMB29P) AppleWebKit/537.36 (KHTML, like Gecko) Chrome/148.0.7778.96 Mobile Safari/537.36 (compatible; GoogleOther)"
168.119.209.108 - - [09/Jun/2026:07:26:07 +0000] "GET /user/api_balance.php?userid=AU1121&token=dMgDWkPbbsmeca76X0lncsVCYVjIE61Q HTTP/1.1" 200 512 "-" "RestSharp/106.13.0.0"
66.249.64.100 - - [09/Jun/2026:07:26:07 +0000] "GET /search?&view=gallery2&q=product_handle_21432&type=article HTTP/1.1" 200 77544 "https://www.llprecharge.in/?products/detail/100604458" "Mozilla/5.0 (Linux; Android 6.0.1; Nexus 5X Build/MMB29P) AppleWebKit/537.36 (KHTML, like Gecko) Chrome/148.0.7778.96 Mobile Safari/537.36 (compatible; Googlebot/2.1; +http://www.google.com/bot.html)"
💾 保存文件
← 返回文件管理器